True
Let s = -12706 + 90023. Is s composite?
False
Let c = 1230869 + -617820. Is c a prime number?
True
Let m(w) = 48*w**3 - 167*w**2 - 21*w + 69. Is m(17) composite?
False
Let g(c) = -c**3 - 18*c**2 + c + 18. Let z be g(-18). Let d be -1 - (4 + -7 - z). Suppose 6*q + 2*r - 7669 = q, -4*r + 3058 = d*q. Is q prime?
False
Let g(k) be the first derivative of -3*k**5/5 - k**4/3 + k**3/3 - 9*k**2/2 - 4*k + 4. Let n(a) be the first derivative of g(a). Is n(-5) composite?
False
Suppose -945533 = -3*s + 2*o, -4*s + 3*o + 1367871 = 107161. Is s a composite number?
False
Let x(q) = -8*q - 27. Let z be x(-4). Suppose -n = z*t - 4*n - 1252, 0 = 5*t - n - 1254. Is t a prime number?
True
Let f(w) be the third derivative of -13*w**4/24 + 7*w**3 - 10*w**2 - w. Is f(-11) a composite number?
True
Let b = 219621 - 97740. Is b prime?
False
Suppose 4*b + 8*p - 3*p = 624, -b + 156 = p. Suppose 0 = 2*n + 3*m - 188, 3*n = 4*m + 455 - b. Is n a composite number?
False
Suppose 0 = -5*s + 4*y - 0*y + 17, -5*s - 3*y = -31. Suppose i = 2*i + 3*l - 207, -s*i + l + 1099 = 0. Let c = 184 + i. Is c prime?
False
Let o be (12/14)/(168/(-1764)). Is (26 - -25820) + o/1 a composite number?
True
Let n(o) = -3*o**3 + 5*o**2 - 4*o + 2. Let h be n(2). Is (-2929 + -1)*h/20 composite?
True
Let v = 28450 - -271947. Is v a composite number?
False
Suppose -148*r = -152*r - 1016. Is 90/(-54) + r/(-3) a prime number?
True
Suppose -119 = 2*z - 2093. Let y = 619 - z. Let u = -181 - y. Is u a prime number?
False
Suppose -13*x = -2*x + 136557 - 390646. Is x prime?
True
Let n = -169 + 168. Is 62/62*(-327 - 2)/n a composite number?
True
Suppose 3*q + 2*z - 2186589 = 0, 0 = -2*q + z + 176609 + 1281131. Is q a prime number?
True
Suppose 0 = 20*j - 17*j + 204. Let h = -65 - j. Suppose 13 + 32 = h*g. Is g composite?
True
Let i = 31 + -37. Let z = 2 + i. Is z/12 - (-154)/3 a prime number?
False
Let b = 247224 - 49527. Is b a composite number?
True
Let l(r) = 153*r**2 + 1874*r - 14. Is l(9) prime?
False
Let b = -421859 - -658686. Is b composite?
True
Let n = 52929 - 31538. Is n a prime number?
True
Suppose -82 - 3 = 5*q - 5*c, -26 = 2*q - 4*c. Let i be -1 + (-1 - 1) - q. Suppose -12*x - 1062 = -i*x. Is x a composite number?
True
Let s be (-4)/(-5) + (-558)/(-15). Suppose s*y - 1 = 39*y. Let f(g) = -819*g + 2. Is f(y) a prime number?
True
Let z(v) = 19*v + 267*v**2 + 3 - 2 - 4*v**2. Let j be z(8). Suppose 5*q = 6*d - 2*d - 22657, -3*d - 4*q + j = 0. Is d a composite number?
True
Suppose 45*q - 233198 = 204697. Is q a composite number?
True
Let q be -2 + 50/(-25)*5/(-2). Suppose -q*b + 32966 = 55*j - 50*j, 2*b - 19779 = -3*j. Is j composite?
True
Let t(o) = -2*o**3 - 102*o**2 - 126*o + 71. Is t(-56) prime?
False
Let q = -178826 - -587907. Is q composite?
False
Let t(n) = -n**2 + 2*n + 8. Let j be t(0). Suppose 2*m = j + 4. Is (-29460)/(-36) + (-2)/m a composite number?
True
Let m be (2/(28/49))/(3/6). Suppose m*j - 5*j = 13886. Is j composite?
True
Let c(f) = f**3 + 22*f**2 + 20*f - 18. Suppose -b = 4*j + 82, 5*j - b = -2*b - 103. Let y be c(j). Suppose y*q - 61 = -2*m, 4*q = m - 0*m - 58. Is m composite?
True
Let v = 1 + -2. Suppose 849 - 587 = 131*d. Is (1 - v - d) + (1071 - 4) a composite number?
True
Suppose -18*u = -20*u + 6. Suppose 0 = 4*s - 3*y - 35, -4*y - 23 = -u. Suppose -q = -4*n + q + 3686, s*q = -n + 894. Is n a composite number?
False
Let c = -65 - -192. Let m = -460 - c. Let a = m + 1072. Is a prime?
False
Suppose 0 = 23*f + 83*f + 9*f - 10261565. Is f a composite number?
False
Is -3*(1254848/(-48) - -9) a prime number?
True
Suppose 4*l - 3632 = 2*d, 0 = 8*d - 13*d - 2*l - 9092. Is -2 + 2 + 9 - 4 - d composite?
False
Let d(j) = -2*j + 455. Let t be d(0). Suppose -t - 304 = -3*r. Is r prime?
False
Let t(q) = 1689*q - 1009. Is t(62) prime?
False
Suppose -170630 = -x - 3*u, -5*x + 386286 = -u - 466784. Is x prime?
False
Let i(a) = -a**3 - a**2 - a - 1. Let x(h) = 28*h**3 + 6*h**2 + 5*h + 23. Let o(m) = -4*i(m) - x(m). Is o(-3) composite?
True
Suppose 13796 = 14*i + 68312. Let y = -2093 - i. Is y prime?
True
Let l be (-189)/(2/4*-2). Suppose -3*y + 4*o + 602 = 0, -20*o = -y - 21*o + l. Is y composite?
True
Let p = 2383223 - 978409. Is p a composite number?
True
Suppose 2*u + 11 = 3*x - 15, -4*x - 4*u = -48. Suppose 0 = x*h - 8905 + 695. Is h composite?
False
Let v(f) = 60*f + 110. Let q be v(6). Suppose -a + q = -645. Is a a composite number?
True
Let n(u) = 490*u**2 + 3*u - 3. Let p be 3/(6/(-7))*(-12)/(-21). Is n(p) composite?
False
Let s(y) = -y - 2. Let a be s(-5). Suppose -2*r - r - 3771 = 4*v, a*v + 2827 = -r. Is ((-4)/4)/(-1 + (-940)/v) prime?
False
Suppose 4*o - 2*h + 8 = -6*h, 3*o - 2 = -h. Suppose 36*n - 409 = 35*n. Suppose o*g - 409 - n = 0. Is g prime?
True
Let b(o) = -3*o + 24. Let z be b(11). Let j be 2/(-3)*2*z/4. Suppose -j*y - 126 = -4*a - 0*y, 0 = 5*a + 5*y - 175. Is a a prime number?
False
Suppose w - 15 = 6*w, 2*q + 4*w - 90 = 0. Suppose q*z - 38082 = 18*z. Is z prime?
False
Let g = -12046 + 20193. Is g prime?
True
Let h(b) = 17445*b + 340. Is h(19) prime?
False
Suppose d - 2*i + 289 = 0, 4*d = 5*i - 1661 + 496. Suppose -q - 4*x = -1204, -2*q + 4*x + 1259 = -1173. Let u = d + q. Is u a prime number?
False
Suppose 147 = -7*c + 9044. Let b = c - 385. Suppose 2*w - b = -224. Is w a composite number?
False
Let a = -4740 - -2987. Suppose -44*f + 51*f + 17780 = 0. Let c = a - f. Is c a prime number?
True
Suppose 2191 = o + 115701. Is ((-4)/(-8))/((-5)/o) a prime number?
True
Let l be (-5)/(-20) - 14/(-8). Let z be (20/12)/((-5)/(-30)). Suppose 270 = 5*o + l*i - 3*i, -2*i = z. Is o prime?
True
Let u be (1 - -11)*(-18)/36. Let n(s) = s**3 + 2*s**2 + 8*s + 9. Let h(j) = -2*j**3 - j**2 - 8*j - 10. Let z(d) = 2*h(d) + 3*n(d). Is z(u) prime?
False
Is 6174 - (1092/(-210) - (2/1)/(-10)) a composite number?
True
Let i = 283119 - 116234. Is i a prime number?
False
Let h be 8/4 - 9/(-3). Suppose 5*k - i - 2*i = 235, -h*k + 4*i = -235. Let c = k - -192. Is c a composite number?
False
Let g be 52/(-598) - (-296955)/23. Let i = -8490 + g. Is i prime?
True
Suppose -3*q = -2*c - 8*q + 17, -5*c + 5*q = -60. Suppose 23 + 54 = c*x. Suppose x*s + 4861 = 8*s. Is s prime?
True
Suppose -2 + 6 = -2*f, 5*f = 3*n - 19. Suppose a + n*r - 6216 = 0, 0 = 6*a - 3*a - 5*r - 18606. Is a composite?
True
Let f = 54371 + 29942. Is f a prime number?
True
Suppose -13*h + 36*h + 14*h - 770747 = 0. Is h prime?
False
Suppose 41*i - 606831 - 1472363 = -71301. Is i composite?
False
Let s = -519 + 764. Suppose 5*v - 3*w = -6, -2*v = -2*w - 198 + 206. Suppose -v*r = -s + 80. Is r prime?
False
Suppose 1998017 = -73*c + 23150424. Is c a prime number?
True
Let k(a) = -35*a**2 - 4*a + 29. Let o be (-1 + -11)*1/(-2). Let u be k(o). Is (-2 + (-24)/(-10))/((-1)/u) a prime number?
False
Suppose 5*s = -5*t + 3163260, -120*t + 21 = -123*t. Is s a composite number?
True
Let v(i) = 171*i**3 + 5*i**2 + 98*i - 749. Is v(8) prime?
False
Suppose 81960 = 138*m - 102981 - 45381. Is m a composite number?
False
Let r = -1246 - -497. Suppose 3*y - 3*g = 2672 + 1645, -7145 = -5*y - 5*g. Let p = y + r. Is p prime?
False
Suppose 50399 + 182332 = 9*m. Is m composite?
True
Suppose -2037*o + 2033*o = -2*d + 121598, -d - 3*o = -60829. Is d prime?
True
Suppose 0 = -2*a + 12, 17*a = 4*g + 16*a + 34. Let t(h) be the third derivative of h**5/4 + h**4/24 + 11*h**3/6 + h**2. Is t(g) a composite number?
False
Suppose -124740 = -7*h + 16*h. Let o = -5993 - h. Is o a prime number?
True
Suppose -6 = 4*a - j, a + 7 = -2*j + 5*j. Let t be (-1322)/(-4) - a/2. Suppose 0 = -3*b + 4352 + t. Is b prime?
False
Suppose -5*q - 2*b - 78 = 0, -q - 9 = -5*b + 12. Let m = q - -21. Is m/10 - 81/(-6) prime?
False
Let h(v) = -4*v + 3. Let p be h(2). Is (p - -8)*-241*(-2)/3 prime?
False
Let w be -1445 - ((-2)/1 - -8). Let c = 594 - w. Is c composite?
True
Suppose 3*p - 6 = -3*z, 5 = -3*z - 4*p + 10. Suppose v - 613 = -4*a, -a + z*a - 603 = -v. Is v a composite number?
False
Let o(p) = 40*p + 53. Let z(a) = -39*a - 53. Let y(k) = -k**3 - 14*k**2 - k - 7. Let f be y(-14). Let s(v) = f*z(v) + 6*o(v). Is s(-22) a prime number?
True
Let g(t) be the second derivative of t**3/6 - t**2/2 + 11*t. Let l be g(-2). Is (-4)/(-14) - (l + (-4646)/7) composite?
True
Suppose 26*j = 16*j. Su